{"id":32,"date":"2013-09-08T19:03:40","date_gmt":"2013-09-08T17:03:40","guid":{"rendered":"http:\/\/rini.winner-systems.net\/?page_id=32"},"modified":"2026-03-04T20:55:34","modified_gmt":"2026-03-04T19:55:34","slug":"preise-und-konditionen","status":"publish","type":"page","link":"https:\/\/rini.winner-systems.net\/?page_id=32","title":{"rendered":"Preise und Konditionen"},"content":{"rendered":"<p>&nbsp;<\/p>\n<div>\n<h2><strong>Transparente Kosten \u2013 so setzen sich die Beitr\u00e4ge zusammen<\/strong><\/h2>\n<p>Die Elternbeitr\u00e4ge f\u00fcr die Kindertagespflege richten sich nach dem <strong>w\u00f6chentlichen Betreuungsumfang<\/strong>. Je nachdem, wie viele Stunden Ihr Kind pro Woche angemeldet ist, ordnet das Jugendamt die Betreuung einer passenden Kategorie zu.<\/p>\n<p>Das <strong>Pflegeentgelt<\/strong>, das Sie an das Jugendamt entrichten, deckt alle grundlegenden Leistungen der Kindertagespflege ab \u2013 einschlie\u00dflich Spielmaterial, Getr\u00e4nke, Bastelmaterialien sowie aller p\u00e4dagogischen Angebote.<\/p>\n<hr>\n<h3>&#x1f37d;&#xfe0f; <strong>Fr\u00fchst\u00fcck &amp; Mittagessen \u2013 tagesgenaue Abrechnung<\/strong><\/h3>\n<p>Mahlzeiten werden <strong>pro tats\u00e4chlichem Anwesenheitstag<\/strong> separat abgerechnet. Am Monatsende erhalten Sie eine \u00fcbersichtliche Abrechnung. Alternativ haben Sie die M\u00f6glichkeit eigenes Essen mit zu geben.<\/p>\n<p>Das bedeutet f\u00fcr Sie:<\/p>\n<ul>\n<li>Sie zahlen <strong>nur f\u00fcr Tage, an denen Ihr Kind wirklich da ist<\/strong><\/li>\n<li>keine Pauschalen<\/li>\n<li>faire, transparente Abrechnung<\/li>\n<li>t\u00e4gliche, frisch zubereitete Mahlzeiten, h\u00e4ufig mit Zutaten aus biologischem Anbau<\/li>\n<\/ul>\n<p>Die jeweiligen Preise f\u00fcr Fr\u00fchst\u00fcck und Mittagessen teile ich Ihnen selbstverst\u00e4ndlich im pers\u00f6nlichen Gespr\u00e4ch und im Betreuungsvertrag mit.<\/p>\n<hr>\n<h3>&#x1f697; <strong>Ausfl\u00fcge &amp; besondere Aktivit\u00e4ten<\/strong><\/h3>\n<p>Bei freiwilligen Ausfl\u00fcgen oder besonderen Projekten k\u00f6nnen in seltenen F\u00e4llen kleine Zusatzkosten entstehen (z.\u202fB. Eintrittsgelder).<br>Ich informiere Sie dar\u00fcber immer <strong>rechtzeitig im Voraus<\/strong>, und die Teilnahme ist selbstverst\u00e4ndlich freiwillig.<\/p>\n<hr>\n<h3>&#x1f9fe; <strong>Zust\u00e4ndigkeit des Jugendamts<\/strong><\/h3>\n<p>Die Grundbeitr\u00e4ge f\u00fcr die Kindertagespflege werden <strong>vom Jugendamt des Landkreises festgelegt<\/strong>, in dem Sie wohnen.<br>F\u00fcr meine Einrichtung ist das <strong>Jugendamt der Stadt N\u00fcrnberg<\/strong> zust\u00e4ndig.<\/p>\n<p>Dort finden Sie weitere Informationen, unter anderem:<\/p>\n<ul>\n<li><strong>Elternbeitr\u00e4ge<\/strong><\/li>\n<li><strong>Betreuungsvertrag<\/strong><\/li>\n<li><strong>F\u00f6rderm\u00f6glichkeiten<\/strong><\/li>\n<\/ul>\n<p>Wenn Sie in einem anderen Landkreis wohnen, informiert Sie Ihr zust\u00e4ndiges Jugendamt \u00fcber die dort g\u00fcltigen Beitr\u00e4ge.<\/p>\n<p>Weitergehende Informationen erhalten Sie im <a href=\"https:\/\/fmf-familienbuero.de\/download\/\" target=\"_blank\" rel=\"noopener\">Downloadbereich des fmf-Familienb\u00fcro<\/a><\/p>\n<\/div>\n\n\n<p><\/p>\n","protected":false},"excerpt":{"rendered":"<p>&nbsp; Transparente Kosten \u2013 so setzen sich die Beitr\u00e4ge zusammen Die Elternbeitr\u00e4ge f\u00fcr die Kindertagespflege richten sich nach dem w\u00f6chentlichen Betreuungsumfang. Je nachdem, wie viele Stunden Ihr Kind pro Woche angemeldet ist, ordnet das Jugendamt die Betreuung einer passenden Kategorie &hellip; <\/p>\n","protected":false},"author":1,"featured_media":0,"parent":58,"menu_order":2,"comment_status":"closed","ping_status":"closed","template":"","meta":{"om_disable_all_campaigns":false,"ngg_post_thumbnail":0,"footnotes":""},"class_list":["post-32","page","type-page","status-publish","hentry"],"aioseo_notices":[],"_links":{"self":[{"href":"https:\/\/rini.winner-systems.net\/index.php?rest_route=\/wp\/v2\/pages\/32","targetHints":{"allow":["GET"]}}],"collection":[{"href":"https:\/\/rini.winner-systems.net\/index.php?rest_route=\/wp\/v2\/pages"}],"about":[{"href":"https:\/\/rini.winner-systems.net\/index.php?rest_route=\/wp\/v2\/types\/page"}],"author":[{"embeddable":true,"href":"https:\/\/rini.winner-systems.net\/index.php?rest_route=\/wp\/v2\/users\/1"}],"replies":[{"embeddable":true,"href":"https:\/\/rini.winner-systems.net\/index.php?rest_route=%2Fwp%2Fv2%2Fcomments&post=32"}],"version-history":[{"count":16,"href":"https:\/\/rini.winner-systems.net\/index.php?rest_route=\/wp\/v2\/pages\/32\/revisions"}],"predecessor-version":[{"id":807,"href":"https:\/\/rini.winner-systems.net\/index.php?rest_route=\/wp\/v2\/pages\/32\/revisions\/807"}],"up":[{"embeddable":true,"href":"https:\/\/rini.winner-systems.net\/index.php?rest_route=\/wp\/v2\/pages\/58"}],"wp:attachment":[{"href":"https:\/\/rini.winner-systems.net\/index.php?rest_route=%2Fwp%2Fv2%2Fmedia&parent=32"}],"curies":[{"name":"wp","href":"https:\/\/api.w.org\/{rel}","templated":true}]}}